{"id":109,"date":"2024-10-23T17:18:45","date_gmt":"2024-10-23T15:18:45","guid":{"rendered":"https:\/\/geraldnadaud.fr\/?page_id=109"},"modified":"2025-04-19T18:01:18","modified_gmt":"2025-04-19T16:01:18","slug":"cours-stmg","status":"publish","type":"page","link":"https:\/\/geraldnadaud.fr\/index.php\/cours-stmg\/","title":{"rendered":"Cours STMG"},"content":{"rendered":"\n<p>Vous trouverez ici les cours des classes de Premi\u00e8re et Terminale que j&#8217;ai assur\u00e9s \u00e0 aujourd&#8217;hui. Vous pouvez bien \u00e9videmment vous en inspirer ou les utiliser si cela vous arrange. <strong>Mais attention,<\/strong> notez bien que : <\/p>\n\n\n\n<ul class=\"wp-block-list\">\n<li>Je suis un jeune prof comme vous (je suis au moins jeune dans quelque chose \ud83d\ude02 !), et par cons\u00e9quent les cours sont plus qu&#8217;imparfaits (surtout celui de SDGN pour la classe de Premi\u00e8re. Je ne l&#8217;ai fait qu&#8217;une fois, lors de mon ann\u00e9e de stage&#8230;) ;<\/li>\n\n\n\n<li>Rien ne remplace le cours que vous faites vous-m\u00eame, aussi mauvais soient-ils ! Pourquoi ? Tout simplement parce que c&#8217;est votre b\u00e9b\u00e9, vous avez travaill\u00e9 dessus (m\u00eame un minimum), et par cons\u00e9quent vous serez plus \u00e0 m\u00eame de le pr\u00e9senter \u00e0 vos \u00e9l\u00e8ves. <\/li>\n<\/ul>\n\n\n\n<p>Donc, en d\u00e9finitive, avant de tout t\u00e9l\u00e9charger &#8220;\u00e0 la sauvage&#8221;, retenez bien que l&#8217;objectif d&#8217;un cours est et reste de transmettre des notions et des capacit\u00e9s \u00e0 vos \u00e9l\u00e8ves. Pour y parvenir, il faut imp\u00e9rativement que vous ayez r\u00e9fl\u00e9chi en amont \u00e0 la mani\u00e8re de vous y prendre pour assurer le d\u00e9roul\u00e9 de votre s\u00e9ance. <\/p>\n\n\n\n<p>Maintenant que mon <em>disclaimer<\/em> est effectu\u00e9 et termin\u00e9, place aux liens.<\/p>\n\n\n\n<h2 class=\"wp-block-heading\">Cours de Premi\u00e8re :<\/h2>\n\n\n\n<ul class=\"wp-block-list\">\n<li><strong>SDGN (Sciences de Gestion et du Num\u00e9rique) <\/strong><\/li>\n<\/ul>\n\n\n\n<ul class=\"wp-block-list\">\n<li><strong>Management <\/strong><\/li>\n<\/ul>\n\n\n\n<h2 class=\"wp-block-heading\">Cours de Terminale :<\/h2>\n\n\n\n<ul class=\"wp-block-list\">\n<li><strong>MSDGN (Management, Sciences de Gestion et du Num\u00e9rique) <\/strong><\/li>\n<\/ul>\n\n\n\n<ul class=\"wp-block-list\">\n<li><strong>Marketing <\/strong><\/li>\n<\/ul>\n<div class=\"remoji_bar\"><div class=\"remoji_add_container\" data-remoji-id=\"109\" data-remoji-type=\"post\"><div class=\"remoji_add_icon\"><\/div><\/div><div class=\"remoji_error_bar\" data-remoji-id=\"109\" data-remoji-type=\"post\" style=\"display: none;\">Error happened.<\/div><\/div>","protected":false},"excerpt":{"rendered":"<p>Vous trouverez ici les cours des classes de Premi\u00e8re et Terminale que j&#8217;ai assur\u00e9s \u00e0 aujourd&#8217;hui. Vous pouvez bien \u00e9videmment vous en inspirer ou les&#8230;<\/p>\n<div class=\"more-link-wrapper\"><a class=\"more-link\" href=\"https:\/\/geraldnadaud.fr\/index.php\/cours-stmg\/\">Lire la suite (et la fin \ud83d\ude09 !)<span class=\"screen-reader-text\">Cours STMG<\/span><\/a><\/div>\n","protected":false},"author":1,"featured_media":0,"parent":0,"menu_order":0,"comment_status":"closed","ping_status":"closed","template":"","meta":{"footnotes":""},"class_list":["post-109","page","type-page","status-publish","hentry","entry"],"_links":{"self":[{"href":"https:\/\/geraldnadaud.fr\/index.php\/wp-json\/wp\/v2\/pages\/109","targetHints":{"allow":["GET"]}}],"collection":[{"href":"https:\/\/geraldnadaud.fr\/index.php\/wp-json\/wp\/v2\/pages"}],"about":[{"href":"https:\/\/geraldnadaud.fr\/index.php\/wp-json\/wp\/v2\/types\/page"}],"author":[{"embeddable":true,"href":"https:\/\/geraldnadaud.fr\/index.php\/wp-json\/wp\/v2\/users\/1"}],"replies":[{"embeddable":true,"href":"https:\/\/geraldnadaud.fr\/index.php\/wp-json\/wp\/v2\/comments?post=109"}],"version-history":[{"count":3,"href":"https:\/\/geraldnadaud.fr\/index.php\/wp-json\/wp\/v2\/pages\/109\/revisions"}],"predecessor-version":[{"id":265,"href":"https:\/\/geraldnadaud.fr\/index.php\/wp-json\/wp\/v2\/pages\/109\/revisions\/265"}],"wp:attachment":[{"href":"https:\/\/geraldnadaud.fr\/index.php\/wp-json\/wp\/v2\/media?parent=109"}],"curies":[{"name":"wp","href":"https:\/\/api.w.org\/{rel}","templated":true}]}}